9.
121
What is the remainder when 690490 is divided by 690486?
4
What is the remainder when 12796323 is divided by 240?
3
Calculate the remainder when 486155 is divided by 412.
407
Calculate the remainder when 3425083 is divided by 192.
187
Calculate the remainder when 104776 is divided by 90113.
14663
What is the remainder when 119371 is divided by 502?
397
What is the remainder when 816969380 is divided by 322?
318
What is the remainder when 9128015 is divided by 1740?
1715
What is the remainder when 133665 is divided by 294?
189
What is the remainder when 2650114 is divided by 167?
158
What is the remainder when 52228152 is divided by 11?
9
What is the remainder when 17903 is divided by 17184?
719
What is the remainder when 4651690 is divided by 8006?
204
What is the remainder when 13324195 is divided by 4441393?
16
What is the remainder when 18345 is divided by 3557?
560
What is the remainder when 46194 is divided by 2887?
2
Calculate the remainder when 80934 is divided by 13243.
1476
Calculate the remainder when 39724433 is divided by 13.
8
Calculate the remainder when 7233426 is divided by 6407.
6330
Calculate the remainder when 146018 is divided by 9125.
18
Calculate the remainder when 36113 is divided by 32650.
3463
What is the remainder when 158644 is divided by 11326?
80
Calculate the remainder when 1415374 is divided by 218.
118
Calculate the remainder when 51799 is divided by 51597.
202
Calculate the remainder when 990435 is divided by 553.
12
What is the remainder when 953702 is divided by 5995?
497
What is the remainder when 107431 is divided by 53647?
137
Calculate the remainder when 19585 is divided by 1664.
1281
What is the remainder when 85156796 is divided by 3925?
3921
Calculate the remainder when 307559 is divided by 25366.
3167
Calculate the remainder when 3081849 is divided by 335.
184
Calculate the remainder when 461854 is divided by 4913.
32
Calculate the remainder when 2223 is divided by 343.
165
What is the remainder when 11654 is divided by 877?
253
Calculate the remainder when 11982822 is divided by 9936.
6
What is the remainder when 390532 is divided by 2024?
1924
Calculate the remainder when 587035 is divided by 97720.
715
What is the remainder when 478351 is divided by 11?
5
Calculate the remainder when 219099 is divided by 3180.
2859
What is the remainder when 28694 is divided by 28456?
238
Calculate the remainder when 11907440 is divided by 1265.
1260
Calculate the remainder when 152884 is divided by 38216.
20
Calculate the remainder when 16599924 is divided by 22802.
68
What is the remainder when 2378063 is divided by 4944?
4943
Calculate the remainder when 119885 is divided by 19968.
77
What is the remainder when 12628966 is divided by 1282?
1266
Calculate the remainder when 2234 is divided by 288.
218
What is the remainder when 1800309 is divided by 172?
157
Calculate the remainder when 7288207 is divided by 3644087.
33
Calculate the remainder when 2010748 is divided by 6680.
68
What is the remainder when 494017 is divided by 61752?
1
Calculate the remainder when 1375279 is divided by 1148.
1123
Calculate the remainder when 5754287 is divided by 239761.
23
What is the remainder when 342189 is divided by 171031?
127
What is the remainder when 15145703 is divided by 162?
161
Calculate the remainder when 1432619 is divided by 716066.
487
What is the remainder when 60215217 is divided by 156?
153
Calculate the remainder when 902174 is divided by 12888.
14
Calculate the remainder when 449655 is divided by 1629.
51
Calculate the remainder when 17473036 is divided by 11.
9
What is the remainder when 14176901 is divided by 216?
173
Calculate the remainder when 2828742 is divided by 248.
54
Calculate the remainder when 117465590 is divided by 4256.
4246
What is the remainder when 2478686 is divided by 313?
39
Calculate the remainder when 1541929 is divided by 308379.
34
Calculate the remainder when 46180 is divided by 22174.
1832
Calculate the remainder when 6085148 is divided by 377.
368
What is the remainder when 14970915 is divided by 182572?
11
Calculate the remainder when 3785923 is divided by 307.
306
What is the remainder when 19149 is divided by 8653?
1843
Calculate the remainder when 880370 is divided by 16270.
1790
What is the remainder when 193545 is divided by 902?
517
Calculate the remainder when 1643015 is divided by 1924.
1843
Calculate the remainder when 1678865 is divided by 2935.
45
What is the remainder when 672100 is divided by 3264?
2980
What is the remainder when 73391130 is divided by 374?
362
What is the remainder when 33657990 is divided by 31?
19
What is the remainder when 4334606 is divided by 180608?
14
Calculate the remainder when 42943671 is divided by 104.
95
What is the remainder when 1808311 is divided by 2333?
236
What is the remainder when 552339 is divided by 964?
931
What is the remainder when 1958661 is divided by 630?
621
What is the remainder when 487350 is divided by 3723?
3360
Calculate the remainder when 28981 is divided by 113.
53
Calculate the remainder when 165523044 is divided by 1309.
1303
What is the remainder when 37570924 is divided by 173?
168
What is the remainder when 536346 is divided by 8271?
7002
Calculate the remainder when 1194284 is divided by 31417.
438
Calculate the remainder when 24544734 is divided by 1022695.
54
What is the remainder when 177037 is divided by 249?
247
What is the remainder when 416919 is divided by 6107?
1643
Calculate the remainder when 45851968 is divided by 4605.
4588
Calculate the remainder when 12355 is divided by 625.
480
What is the remainder when 40263 is divided by 8028?
123
What is the remainder when 2597415 is divided by 61843?
9
What is the remainder when 13444182 is divided by 5?
2
Calculate the remainder when 35701109 is divided by 2254.
3
Calculate the remainder when 3171098 is divided by 253.
249
What is the remainder when 93899227 is divided by 2159?
2158
Calculate the remainder when 1351506 is divided by 198.
156
Calculate the remainder when 497832 is divided by 248911.
10
Calculate the remainder when 1362872 is divided by 5262.
14
Calculate the remainder when 4457840 is divided by 2228849.
142
What is the remainder when 21189159 is divided by 2191?
2189
What is the remainder when 65413 is divided by 1672?
205
What is the remainder when 334162 is divided by 13353?
337
Calculate the remainder when 20039259 is divided by 2504907.
3
What is the remainder when 65983 is divided by 1590?
793
Calculate the remainder when 70857 is divided by 33.
6
Calculate the remainder when 213463 is divided by 23544.
1567
What is the remainder when 539862 is divided by 590?
12
Calculate the remainder when 271599 is divided by 39.
3
Calculate the remainder when 1285372 is divided by 2794.
132
Calculate the remainder when 81820378 is divided by 177.
4
What is the remainder when 40031110 is divided by 6620?
6590
Calculate the remainder when 11064 is divided by 715.
339
What is the remainder when 1284823 is divided by 686?
631
What is the remainder when 1571515 is divided by 74794?
841
What is the remainder when 45540 is divided by 256?
228
What is the remainder when 16731 is divided by 7703?
1325
Calculate the remainder when 727126 is divided by 4379.
212
What is the remainder when 3688192 is divided by 1229388?
28
Calculate the remainder when 535033 is divided by 1259.
1217
Calculate the remainder when 748707 is divided by 124674.
663
What is the remainder when 3433839 is divided by 21461?
79
Calculate the remainder when 434428 is divided by 51.
10
Calculate the remainder when 161830 is divided by 79596.
2638
Calculate the remainder when 353238 is divided by 227.
26
What is the remainder when 1025291 is divided by 10706?
8221
Calculate the remainder when 116150 is divided by 57674.
802
Calculate the remainder when 249721 is divided by 3168.
2617
What is the remainder when 2094397 is divided by 100?
97
Calculate the remainder when 915835 is divided by 83251.
74
Calculate the remainder when 37273590 is divided by 328.
326
Calculate the remainder when 1329293 is divided by 265.
53
What is the remainder when 229815005 is divided by 8?
5
Calculate the remainder when 5845300 is divided by 87.
31
Calculate the remainder when 1224969 is divided